 and 82?
82
What is the highest common factor of 144 and 18288?
144
What is the greatest common factor of 46 and 161?
23
Calculate the highest common factor of 744 and 93.
93
Calculate the highest common divisor of 550 and 88.
22
Calculate the greatest common divisor of 112 and 272.
16
Calculate the greatest common divisor of 35 and 2295.
5
Calculate the highest common divisor of 40 and 70.
10
What is the highest common factor of 156 and 288?
12
Calculate the highest common factor of 336 and 32.
16
Calculate the greatest common factor of 100 and 1550.
50
Calculate the greatest common factor of 44 and 2948.
44
What is the highest common factor of 351 and 1287?
117
What is the greatest common divisor of 15 and 45?
15
What is the greatest common divisor of 120 and 660?
60
What is the highest common factor of 3465 and 924?
231
What is the highest common factor of 22601 and 699?
233
Calculate the highest common factor of 10121 and 29.
29
What is the highest common factor of 672 and 972?
12
Calculate the highest common divisor of 798 and 171.
57
What is the greatest common factor of 69 and 253?
23
What is the highest common divisor of 400 and 16?
16
What is the highest common divisor of 507 and 6929?
169
What is the greatest common divisor of 162 and 30?
6
What is the greatest common divisor of 19 and 152?
19
Calculate the highest common divisor of 328 and 41.
41
What is the highest common factor of 450 and 18?
18
Calculate the highest common factor of 14622 and 6.
6
Calculate the highest common factor of 6 and 474.
6
Calculate the highest common factor of 1007 and 424.
53
What is the highest common divisor of 275 and 150?
25
What is the highest common factor of 6298 and 188?
94
What is the highest common divisor of 2681 and 14?
7
Calculate the highest common factor of 9 and 9.
9
Calculate the greatest common factor of 315 and 7.
7
Calculate the highest common factor of 228 and 3078.
114
What is the greatest common factor of 117 and 4524?
39
What is the greatest common factor of 108 and 24?
12
Calculate the highest common factor of 2726 and 94.
94
Calculate the greatest common divisor of 20997 and 9.
9
Calculate the greatest common factor of 1333 and 31.
31
What is the highest common divisor of 902 and 164?
82
What is the greatest common factor of 1 and 31?
1
Calculate the highest common factor of 270 and 16.
2
Calculate the greatest common factor of 234 and 18.
18
Calculate the highest common factor of 1 and 7517.
1
What is the highest common divisor of 6 and 48846?
6
What is the greatest common factor of 290 and 58?
58
Calculate the highest common factor of 1118 and 13.
13
Calculate the highest common factor of 325 and 39.
13
What is the greatest common divisor of 72 and 24?
24
What is the greatest common divisor of 711 and 79?
79
Calculate the highest common divisor of 312 and 2064.
24
What is the greatest common divisor of 492 and 44?
4
What is the greatest common factor of 5 and 2265?
5
Calculate the greatest common divisor of 123 and 2788.
41
What is the greatest common divisor of 5 and 15?
5
Calculate the highest common factor of 2489 and 323.
19
Calculate the highest common factor of 240 and 300.
60
Calculate the highest common divisor of 870 and 15.
15
What is the highest common factor of 19 and 3439?
19
What is the greatest common factor of 75 and 51?
3
Calculate the highest common factor of 25 and 1075.
25
What is the greatest common divisor of 507 and 65?
13
Calculate the greatest common factor of 1224 and 1768.
136
Calculate the highest common divisor of 101 and 5555.
101
What is the highest common divisor of 3 and 714?
3
What is the greatest common divisor of 9 and 837?
9
Calculate the highest common factor of 18 and 99.
9
What is the highest common factor of 272 and 32?
16
What is the greatest common divisor of 16 and 184?
8
Calculate the greatest common factor of 2653 and 14.
7
Calculate the greatest common divisor of 14 and 6.
2
Calculate the highest common factor of 923 and 13.
13
What is the greatest common divisor of 616 and 88?
88
Calculate the highest common factor of 40 and 30.
10
Calculate the highest common divisor of 165 and 30.
15
Calculate the highest common factor of 611 and 47.
47
Calculate the greatest common factor of 9 and 144.
9
Calculate the highest common divisor of 25854 and 186.
186
What is the highest common divisor of 3125 and 25?
25
Calculate the highest common divisor of 268 and 1943.
67
What is the greatest common divisor of 5633 and 86?
43
Calculate the highest common divisor of 2118 and 12.
6
What is the highest common factor of 64 and 6976?
64
Calculate the highest common divisor of 504 and 1316.
28
What is the highest common divisor of 165 and 645?
15
Calculate the highest common divisor of 376 and 18518.
94
Calculate the greatest common divisor of 11 and 6.
1
Calculate the highest common divisor of 17 and 221.
17
What is the highest common factor of 48 and 164?
4
Calculate the highest common factor of 19 and 40071.
19
What is the highest common factor of 34 and 2?
2
Calculate the highest common factor of 192 and 216.
24
What is the greatest common factor of 64 and 40?
8
What is the greatest common divisor of 308 and 1661?
11
What is the highest common factor of 189 and 3696?
21
What is the highest common factor of 96 and 320?
32
Calculate the greatest common divisor of 8 and 536.
8
Calculate the highest common divisor of 112 and 203.
7
Calculate the highest common divisor of 7 and 259.
7
What is the greatest common factor of 292 and 3869?
73
Calculate the greatest common divisor of 296 and 259.
37
What is the greatest common factor of 4531 and 23?
23
What is the greatest common factor of 207 and 1656?
207
What is the highest common factor of 1490 and 70?
10
What is the highest common divisor of 957 and 506?
11
Calculate the highest common divisor of 56 and 56.
56
What is the highest common factor of 504 and 28?
28
What is the greatest common divisor of 2080 and 65?
65
Calculate the highest common factor of 1330 and 3705.
95
Calculate the greatest common divisor of 16 and 12.
4
Calculate the highest common factor of 430 and 10.
10
What is the highest common divisor of 232 and 145?
29
What is the highest common factor of 2745 and 45?
45
What is the highest common factor of 335 and 5427?
67
Calculate the greatest common factor of 33704 and 11.
11
Calculate the greatest common factor of 16 and 7.
1
Calculate the greatest common factor of 972 and 72.
36
Calculate the greatest common divisor of 187 and 1037.
17
What is the greatest common divisor of 18496 and 32?
32
What is the greatest common factor of 52844 and 44?
44
Calculate the highest common divisor of 12 and 300.
12
What is the highest common factor of 1 and 361?
1
Calculate the highest common divisor of 140 and 308.
28
Calculate the highest common factor of 5 and 85.
5
What is the greatest common divisor of 16 and 1648?
16
Calculate the greatest common factor of 10800 and 16.
16
Calculate the greatest common divisor of 4 and 66.
2
What is the highest common divisor of 671 and 11?
11
Calculate the highest common divisor of 4386 and 6.
6
What is the highest common factor of 26 and 6?
2
What is the greatest common factor of 30 and 130?
10
Calculate the greatest common factor of 516 and 3225.
129
Calculate the greatest common divisor of 682 and 110.
22
Calculate the highest common divisor of 13 and 481.
13
What is the greatest common divisor of 1208 and 8?
8
What is the greatest common divisor of 875 and 250?
125
What is the greatest common factor of 96 and 14?
2
Calculate the greatest common divisor of 289 and 187.
17
Calculate the highest common divisor of 36 and 3396.
12
Calculate the highest common factor of 2392 and 368.
184
Calculate the greatest common divisor of 126 and 14.
14
Calculate the greatest common divisor of 1178 and 93.
31
What is the highest common divisor of 1891 and 248?
31
What is the highest common factor of 1209 and 39?
39
Calculate the greatest common factor of 1448 and 8.
8
What is the highest common divisor of 44955 and 37?
37
What is the highest common factor of 592 and 74?
74
Calculate the greatest common factor of 485 and 245.
5
What is the greatest common divisor of 1261 and 26?
13
Calculate the greatest common factor